et m = -37 - -39. Suppose 5*u = m*u + 12. Suppose r - 120 = -u*r. What are the prime factors of r?
2, 3
Let t(z) = 57*z + 33. Let u(x) = -x**3 + 5*x**2 + 8*x - 7. Let v be u(6). Let y be t(v). Suppose y = -5*h + 1058. List the prime factors of h.
2, 37
Let d(f) be the second derivative of 19*f**4/12 + 19*f**3/6 + 21*f**2/2 - f - 143. List the prime factors of d(-7).
3, 7, 13
Let r be 650/15 - (-4)/(-12). Suppose -3*c = -r - 518. List the prime factors of c.
11, 17
Let s(c) = c**3 - 7*c**2 + 7*c - 7. Let g be s(6). Let y be -1*(-3 - (-1 - g - 2)). What are the prime factors of -3 - (-69*y + 1)?
5, 13
Let a(w) = 2*w**3 - 8*w**2 + 8*w - 8. Let s = 11 + -3. Suppose -n + s = 3. What are the prime factors of a(n)?
2, 41
Suppose 16*h + 8 = 20*h. Let g be (-36)/(-30)*755/h. Let m = g + -311. What are the prime factors of m?
2, 71
Suppose 15 = -7*s + 12*s. Let z be 1*(2 + 1 - s). Suppose p - t + 3*t - 26 = 0, z = -5*t - 10. List the prime factors of p.
2, 3, 5
Let m = 193297 + -109183. What are the prime factors of m?
2, 3, 4673
Suppose 3*l + 2*g - 2281 = 0, 627*l + 765 = 628*l - 4*g. What are the prime factors of l?
761
Suppose 4*g - 2 = 6. Suppose -3*b = 5*p - 1999, 3 - 395 = -p + g*b. What are the prime factors of p?
2, 199
Suppose -2*v = -3*y - 134435, 4*v - 3*y + 57272 = 326139. List the prime factors of v/208 - 6/39.
17, 19
Let o(p) = 536*p + 19820. List the prime factors of o(0).
2, 5, 991
What are the prime factors of 5142 + -3*(225/27 - 7)?
2, 7, 367
Let t(h) = -9*h**2 - 41*h - 24. Let m(r) = -4*r**2 - 20*r - 13. Let s(c) = -5*m(c) + 2*t(c). Let u be -3*5 - (-3)/3. What are the prime factors of s(u)?
157
Let c = 133 + -131. Suppose -4*n + 46 = -2*k, -3 = -c*n + 7*k - 2*k. Suppose 0 = -n*f - 2*f + 1280. List the prime factors of f.
2, 5
Suppose -48*u = -45*u + 7*q - 39219, 5*u + 3*q = 65417. List the prime factors of u.
23, 569
Suppose 365 = -5*i + 115. Let n = i + 154. What are the prime factors of n?
2, 13
Let b(n) = -n**3 - n**2 + 8*n + 5. Let s(w) = 2*w + 16. Let k be s(-11). Let y be b(k). List the prime factors of ((-2)/1 + y)*(-6)/(-9).
2, 3, 5
Let y(t) = -45*t**3 - 14*t**2 + 170*t + 991. What are the prime factors of y(-6)?
9187
List the prime factors of (36/(-24) - (-868599)/162)*9.
2, 24121
Let i = 53 - 51. Suppose 2*z + 4*k + 10 = -z, -4*z + i*k + 16 = 0. Suppose 0*r + 2*y - 169 = -3*r, z*r + 2*y = 112. What are the prime factors of r?
3, 19
Let i = 37 + -26. Suppose 4*k + m + i = -4*m, 5*m = -5*k - 10. What are the prime factors of (1*90)/2 + k?
2, 23
Let f = 1870 - 1325. Suppose 1657 = -8*k + 11*k - 5*b, 2*b = -k + f. List the prime factors of k.
3, 61
Suppose -41 = -4*j + 5*l - 4*l, 5*j - 3*l - 53 = 0. Let r(s) = 9*s**2 - 20*s + 97. List the prime factors of r(j).
797
Suppose -281920 + 103220 = -100*m. List the prime factors of m.
1787
Suppose 3 = p, 2*p = -u + 1 + 9. Suppose 5*j = -5*o - 10, -6 - u = j + 3*o. List the prime factors of ((-45)/18 - (2 - j))*-26.
5, 13
Let f(n) = 49*n - 20*n - 34 + 6*n. Let u be f(12). Suppose -7*k = -9*k + u. What are the prime factors of k?
193
Suppose 9*x + 4*q - 6 = 7*x, -4*q = -4*x + 12. Suppose r + 742 = x*m, -5*m + 1210 = -0*r + 5*r. List the prime factors of m.
2, 3, 41
Let i = 784 + -1102. Let z(x) = x**2 - 6*x. Let l be z(7). What are the prime factors of -2 + l/((-21)/i)?
2, 13
Suppose -144421 = -56*d - 81255 + 226074. List the prime factors of d.
5, 1033
Let f(q) = -q**3 + 18*q**2 - 23*q + 30. Let d be f(17). Let n be (-4)/(-8)*(-256)/2. Let o = n - d. What are the prime factors of o?
2
Let x(n) = -577*n - 625. List the prime factors of x(-3).
2, 7, 79
Suppose 5*b = -4*g - 6, 4*g + 2 + 16 = b. Suppose 4 = 4*v, -2*v - 1 = -a + b. Suppose -4*t - 3*z = -93 - 138, -3*z = a*t - 285. What are the prime factors of t?
2, 3
Let x be ((-30)/9)/(4/(-606)). Let g = -472 - -472. Suppose g = 2*o - 2*d - 240, -o = 3*o + d - x. What are the prime factors of o?
5
Let v = 166 - 161. Suppose -5*h - 2160 = -v*t - 270, 0 = 2*t + 4*h - 732. What are the prime factors of t?
2, 11, 17
What are the prime factors of (-12)/(-5)*((-4)/(-90) + 19715304/2160)?
2, 3, 1217
Suppose -205 = -3*k + 269. Suppose -j + k = -99. List the prime factors of j.
257
Suppose 3*g = -2*i + 81, -56 - 52 = -4*g - 4*i. Suppose -g*v - 20704 = -50701. What are the prime factors of v?
11, 101
Let z(b) = -b**2 - 46*b - 15. Let d be z(-6). Let p be (-2)/4 - 1510/(-4). Let s = p - d. What are the prime factors of s?
2, 19
Let w be (-15)/(-180) - 94/(-24). Suppose -w*s = -4, 0*s + 3*s + 42 = 3*v. List the prime factors of v.
3, 5
Let y = -9080 + 19372. What are the prime factors of y?
2, 31, 83
Let v(t) = -t**3 + 2*t**2 + 6*t - 7. Let h be v(-5). Suppose 0*o - l - 352 = -5*o, 2*o - h = -l. List the prime factors of o.
2, 5, 7
Suppose 2*b + 151*c - 35167 = 150*c, 5*c - 15 = 0. What are the prime factors of b?
2, 59, 149
Suppose -75*u + 131*u = 1714496. List the prime factors of u.
2, 43, 89
Let d = 17 - 15. Let t(m) = 11*m**2 + 9*m**d - 13 + 8*m - 17*m**2. List the prime factors of t(-7).
2, 3, 13
Let i(h) = 313*h**3 + 13*h**2 - 8*h - 5. Let p be i(1). Let j = -137 + 218. Suppose -3*d + 224 = 5*n, 5*n - p = d - j. What are the prime factors of n?
2, 23
Let v = -128 - -133. Suppose v*c = -4*g + 1280, -6*g = -c - g + 227. List the prime factors of c.
2, 3, 7
Let s = 1013 - 527. Let w = -454 + s. What are the prime factors of w?
2
Let g = 10 + -6. Suppose -g*q + 1 = 45. Let a = 70 + q. What are the prime factors of a?
59
Let l = 5517 - 857. List the prime factors of l.
2, 5, 233
Let t(c) = 3*c + 23. Let m be t(-6). Suppose 166 + 84 = m*y. Suppose -k = 2*n - y, 5*n - 302 + 67 = -5*k. What are the prime factors of k?
2, 11
Suppose -2*x - 4*f + 14 = 0, -8*f + 4*f = -x - 17. Let o be x*(-2 + 24/(-4)). List the prime factors of (-2)/(-8) - ((-1254)/o - 4).
7, 23
Let n = -87 + 85. Let f be (-41)/n*(22 - 20). Let m = f + 114. What are the prime factors of m?
5, 31
Let x(h) = 5*h + 59 - 25*h**2 + 85*h**2 - 28*h**2 - 28*h**2 + 59. List the prime factors of x(13).
859
Let q(o) = -o - 12. Let n be q(-5). Let r(y) = y**3 + 10*y**2 + 14*y - 14. Let j be r(n). Let g = -7 + j. List the prime factors of g.
2, 7
Suppose -248*t + 2649078 = -2279288 + 647638. List the prime factors of t.
41, 421
Let z = 30780 - 20669. What are the prime factors of z?
10111
Suppose 0 = -g + 21 - 16. Suppose 2*x - g*x - 794 = -4*w, 2*w + 2*x - 404 = 0. What are the prime factors of w?
2, 5
List the prime factors of (-44826)/(-24) - ((-19)/28 - 44/77).
3, 7, 89
Let s(u) = u**3 + 7*u**2 + 5*u - 2. Let z be s(-6). Let w = -11 + z. Let y(t) = t**3 + 8*t**2 - 3*t - 14. What are the prime factors of y(w)?
2, 7
What are the prime factors of (1093 + 6)*(2 - 1)*7?
7, 157
Let k be 9*-3*(-4)/(-12). Let p be 0 + 1 - (k - -4). Let b(d) = -d**3 + 9*d**2 - 2*d - 1. List the prime factors of b(p).
5, 19
Suppose -a + 7 = -0*a. Suppose -236 = -a*n + 191. Suppose 11*t + n = 12*t. What are the prime factors of t?
61
Suppose 15*a - 10*a - 121841 = -17*w, 3*a = 4*w - 28681. What are the prime factors of w?
2, 7
Suppose f - 3689 - 1949 = 2*j, -3*j + 5643 = f. List the prime factors of f.
2, 3, 5, 47
Suppose 2*u + 3*g = 41, 2*u = 4*g + 20 + 28. Let r = u + -20. Suppose -r = -2*d, 5*f = -4*d + 222 + 327. List the prime factors of f.
109
Let v(d) = -116*d + 582. Let h be v(5). Let w(i) = 8*i + 4*i + 15*i + 3. List the prime factors of w(h).
3, 19
Let u(k) = -9*k - 5. Let d be u(7). Suppose -f - 143 = w, 4*f - 6*w = -3*w - 607. Let n = d - f. List the prime factors of n.
2, 5
Let j = -106 - 11. Let u be -2 + j/(3 + -4). Let s = 209 - u. What are the prime factors of s?
2, 47
Let q(b) = 8*b**2 + 52*b + 463. What are the prime factors of q(-21)?
13, 223
Suppose -7*v - 3*v + 31866 + 17564 = 0. List the prime factors of v.
4943
Let h(i) be the first derivative of -12 + 2/3*i**3 - 5*i**2 - 19*i. List the prime factors of h(-8).
3, 7
Suppose 17*i = 15*i + 6. Suppose -116 = -i*o + 631. List the prime factors of o.
3, 83
Let q(h) = 35*h + 1493. List the prime factors of q(31).
2, 1289
Let b = -334 + 347. Suppose -2*h = -10, -8*a + b = -4*a - 3*h. List the prime factors of a.
7
Let a be ((-12)/(-3) + -9)/(-2 + 1). Suppose -5*j + a = -5. Suppose -k - 3*k + 153 = 3*d, 4*k = j*d - 82. What are the prime factors of d?
4